 338*s**2. Give g(y).
-19
Suppose -3*j = 3*l - 12, 12 = 3*l + 5*j - 4. Let q(z) be the second derivative of -z**4/6 + z**3/2 - z**2/2 + 12336*z - 1. Determine q(l).
-3
Let v(u) = 13*u**2 + u**3 - 11*u**2 + 11*u + 4 + 7*u**2. Let b be (-4)/12*-15 + -12. Calculate v(b).
25
Let n(w) = 24 - w - 29 + 6. Let p(u) = 19 + 2*u**2 - 3*u**2 - 9*u + u - 14. Let c be p(-9). What is n(c)?
5
Let m(f) = -5*f - 39. Let y(k) = 22*k + k - 13*k + 77. Let b(u) = -11*m(u) - 6*y(u). Let j be b(-5). Let i(s) = -s**3 - 7*s**2 + 8*s - 2. Determine i(j).
-2
Let l(t) = -5*t - 65. Let f = -31177 + 31167. Determine l(f).
-15
Let d(p) = -8*p - 1. Let y = -9460 + 9463. Calculate d(y).
-25
Let r(n) = 17*n + 12. Let w(l) = -24*l - 13. Let d(z) = -6*r(z) - 5*w(z). Calculate d(-3).
-61
Suppose -470 = -4*k + 18. Let j(o) = 8 + 9*o**2 + 242*o**3 - k*o**3 + 9*o - 121*o**3. Calculate j(10).
-2
Let x(v) = -22*v**2 + 59*v + 89. Let m(z) = 14*z**2 - 42*z - 59. Let i(o) = -8*m(o) - 5*x(o). Give i(20).
47
Let b(k) = 15*k - 11. Let f(i) = -5 + 61*i - 35*i - 21*i. Let a(n) = 3*b(n) - 8*f(n). What is a(-3)?
-8
Let i(r) be the first derivative of 16*r**3/3 - r**2 - 2*r + 1084. Give i(-1).
16
Let y = 3459 + -3442. Let n(b) = 3*b**3 - 51*b**2 - b + 19. Calculate n(y).
2
Let b be (2 + 0 - 778) + (-22 - -24). Let p = b - -771. Let n(q) = -2*q**3 - 3*q**2 + 2*q + 3. Determine n(p).
24
Let u(n) = -4*n - 15. Let i(r) = -2. Let j(o) = -2*o - 30. Let b(g) = -44*i(g) + 4*j(g). Let z(h) = 6*b(h) - 13*u(h). Determine z(5).
23
Let b be (1 - 2)*1/1. Let u(l) = -4*l - 2. Let w(r) = 7*r + 1 + 9*r + 5*r - 18*r. Let y(n) = -4*u(n) - 7*w(n). What is y(b)?
6
Let s(x) be the third derivative of x**4/6 - x**3 - 569*x**2. Calculate s(-4).
-22
Suppose 194 = 40*q - 192 + 26. Let u(v) = -v**3 + 11*v**2 - 17*v - 16. What is u(q)?
-7
Let u(n) = -245*n + 10051. Let a be u(41). Let m(x) = x**3 - 6*x**2 - 10*x - 28. Determine m(a).
-88
Let c(w) = -25*w**3 - 43*w**2 - 30*w + 8. Let d(f) = -19*f**3 - 33*f**2 - 23*f + 6. Let h(m) = 7*c(m) - 9*d(m). Give h(-3).
83
Let s(b) be the third derivative of -b**4/6 - 2*b**3/3 + 4*b**2 + b - 123. Calculate s(-15).
56
Suppose 0 = -b + 3*u + 98, 5*u - 104 = 5*b - 584. Suppose 86*z - b*z - 99 = 0. Let g(t) = -t + 6. Calculate g(z).
17
Let h(d) = -5*d**2 - d + 1. Let g(o) = -o**2 - o. Let n(y) = 4*g(y) - h(y). Let a be (3 + -1)*(-615)/30. Let k(l) = 2*l + 84. Let i be k(a). Give n(i).
-3
Let u(z) be the third derivative of -z**8/20160 + z**7/1680 + 149*z**5/60 - 73*z**2. Let t(h) be the third derivative of u(h). What is t(3)?
0
Let i(v) = -v**3 - 48*v**2 - 49*v - 100. Let n(p) = 5*p**3 - 46*p**2 + 12*p - 74. Let a be n(9). Calculate i(a).
-6
Let w(a) = 15 + 1 + 104*a - 45*a - 43*a. Determine w(3).
64
Let y(g) = 1189*g + g**2 + 20 + 1184*g - 2383*g. Give y(7).
-1
Let u(c) be the second derivative of -c**4/12 - 5*c**3/6 - 3*c**2 - c. Let b(z) = -12269*z + 171761. Let y be b(14). Calculate u(y).
-6
Suppose 2*s - 3 = -s. Let i(q) = 137*q**2 - 44*q**2 - 43*q**2 - 55*q**2 - q. Give i(s).
-6
Suppose -3*v + 36 = 5*w, 22*v + 4*w = 18*v + 40. Let t(a) be the first derivative of 4*a**2 - 6*a + 2 - 1/3*a**3. Give t(v).
1
Let s(k) be the third derivative of -k**6/24 + k**5/30 + k**4/8 - k**3/2 + 21*k**2 - 85. Give s(-3).
141
Let q(a) = -a**2 + 6*a + 23. Let m be q(9). Let r = 28 + -27. Let b(t) = 8*t + r + t**2 - t + 3 - t. Determine b(m).
-4
Suppose -5*u = -2 + 7. Let h(j) be the third derivative of j**4/4 + 98*j**2 + 2*j + 4. Give h(u).
-6
Let d = -5 - -9. Suppose 8 = -d*j - 4. Let l(r) = -3*r**2 + 7*r**2 + 1 - r**2 + 8*r**2 + 6*r - 10*r**2. Determine l(j).
-8
Let g(s) = -s**2 + 10*s - 11. Let n(q) = 6*q**2 - 51*q + 54. Let i(r) = 11*g(r) + 2*n(r). Suppose -l + d - 10 = 0, -5*d = -3*l - 7*d - 25. Determine i(l).
-4
Let r(b) = 132304*b**2 + 64 - 132298*b**2 - 2*b - b**3 + 0*b. Give r(7).
1
Let h(i) = -i**2 + 54*i - 719. Let m be h(24). Let z(b) = 17*b**3 + b**2 - 3*b + 1. Give z(m).
16
Suppose 3*c - 3 = -15. Let l(t) be the first derivative of -t**4/4 - t**3 - 3*t**2/2 + 4*t + 84. Determine l(c).
32
Let n(k) = 2*k**2 - 8*k + 2. Let q be ((-176)/(-64) - (-13)/52)*(-8)/(-6). Give n(q).
2
Suppose 4*n + 4*t = -1212, 5*n + 0*t + 1515 = 3*t. Let q = 296 + n. Let x(y) be the second derivative of y**5/20 + 7*y**4/12 + y**3/3 - y**2 - y. What is x(q)?
-16
Let n(y) = -2*y**3 + y - 14*y - 3*y - 22*y**2 + 24*y**2 + 3*y + 11*y. Suppose -5*o - 2*v = 3*v - 25, 0 = 4*v - 12. Determine n(o).
-12
Let i(q) = -2*q**2 - 4*q - 1. Let d(p) = 11*p**2 + 42*p - 1. Let j(r) = -d(r) - 6*i(r). Calculate j(16).
-25
Let b(c) be the first derivative of -c**7/840 + c**6/60 - c**5/20 + 7*c**4/24 - 224*c**3/3 - 163. Let n(g) be the third derivative of b(g). Give n(5).
2
Let x(h) = -21*h - 58. Let w be (-2 - -3)*(-3 + 7)*49/(-28). What is x(w)?
89
Let t(w) = -w**3 - 6*w**2 - 4*w + 7. Suppose -4*z = 12, 6*j - 8*j = 4*z + 236. Let d = -117 - j. Determine t(d).
2
Let o(g) be the first derivative of 10*g**2 - 9*g - 10872. Give o(2).
31
Let v(a) be the second derivative of 7*a**2 + 1/20*a**5 + 2 - 52*a + 0*a**3 + 5/6*a**4. Determine v(-10).
14
Let u(d) = -d**3 + 2*d**2 - 2*d - 2. Let a(m) = -6*m**2 + 238*m + 80. Let n be a(40). Give u(n).
-2
Let s = -101 + 140. Suppose -a + 11*w - 21 = 14*w, -s = 3*a + w. Let n(d) = 3*d + 33. What is n(a)?
-3
Let j(l) = -2*l**2 + 5*l - 4. Suppose 337 - 342 = -q. Let d(k) = -13*k + 67. Let g be d(q). Determine j(g).
-2
Let l(d) = 12*d + 216. Let m(k) = -17*k - 301. Let c(x) = 7*l(x) + 5*m(x). Calculate c(8).
-1
Let y = 106 + -105. Let f be ((-20)/(-4) - 0)/y. Suppose -3 - f = -4*t. Let i(k) = 3*k. What is i(t)?
6
Suppose -16*s + 7 = -17*s, 0 = 3*c - 4*s + 20. Let k(h) = -h**2 - 25*h - 135. Give k(c).
9
Suppose 109*p = -4*p - 211 + 889. Let u(f) = -5*f + 14. Give u(p).
-16
Let y(z) = -4*z + 30. Let r be (-4)/(-6) + 8646/1179. What is y(r)?
-2
Let p(q) = 265 + 5*q - 543 - 3*q + 277. Let u be (-36)/16 + 6/(-8). Let w be ((-8)/2)/(u + 1). Give p(w).
3
Let r be (0/(-9))/(-3) - 374/(-2). Suppose -38*p - r = 41. Let w(f) = -f**3 - 5*f**2 + 3*f - 8. Give w(p).
10
Let y(g) = g**2 + 39*g - 76. Let d = -29969 + 29928. Determine y(d).
6
Let x(s) = 2*s + 177. Let l(m) = 10*m + 975. Let u(f) = 2*l(f) - 11*x(f). Let y(w) = w**2 - w - 2. Let k be y(-2). Give u(k).
-5
Let r(a) be the third derivative of a**6/40 - a**5/60 - a**4/12 - a**3/2 - 3310*a**2. Calculate r(2).
13
Let s(i) = 8*i + 2*i + 26 + 19 - 15*i + 0*i. Give s(7).
10
Let u(b) = 17*b**3 + 334*b**2 - 234*b + 27. Let d(a) = -12*a**3 - 238*a**2 + 156*a - 18. Let w(n) = -7*d(n) - 5*u(n). Give w(7).
-2
Let u = -25328 + 25315. Let z(p) = -3*p**2 - 43*p - 61. What is z(u)?
-9
Suppose 7*o = 3*o + 52. Suppose o = 4*u - 3. Let h(s) be the third derivative of -s**5/60 + s**4/8 - s**3 - 46033*s**2. What is h(u)?
-10
Let b(x) = -x**3 - 18*x**2 - 15*x - 17. Let z = 23588 + -23605. Give b(z).
-51
Let p(v) = v**2 + 11*v + 24. Let u = 16216 - 16224. What is p(u)?
0
Let r = -63 - -68. Let v(w) = r + 3 - 3 + w + 6*w. Calculate v(-4).
-23
Let t(p) = -2*p - 36. Suppose 0 = -78*j + 398 + 148. What is t(j)?
-50
Suppose 4 = d - 2. Let i(m) be the third derivative of m**6/120 - m**5/10 - m**4/8 - 5*m**3/6 - 9*m**2 - 9. What is i(d)?
-23
Suppose -5*o = -o, 2*z - 4*o - 8 = 0. Let g(m) = -z*m + 7*m + 9 - 5. Let w(y) = -3*y**2 - 5*y - 5. Let b be w(-2). What is g(b)?
-17
Let j(y) = 3 - 1 + 3 + 3*y. Let m = 56167 - 56176. What is j(m)?
-22
Let s(y) = -18*y**2 + 4*y - y**2 - 3*y - 1 + 2*y**2. Let l be 2/(-9)*198/132*-3. Give s(l).
-17
Suppose 2*u = 2*v, 4 = u + 2. Let a(g) = 1 - 10*g**2 - 6*g**v + 5*g**2 - 9*g**2. Let c(w) = 3*w - 26. Let n be c(9). Calculate a(n).
-19
Let o(w) = -3521*w + 6. Let i(m) = -587*m + 2. Let p(r) = 6*i(r) - o(r). Suppose 2*h - 5*h = -48. Let f = h - 8. Determine p(f).
-2
Suppose -22*p + 6 = -20*p, -5*p = -2*c - 41. Let x(n) = -n**3 - 11*n**2 + 30*n + 21. Determine x(c).
-31
Suppose 5*d + 8*d - a - 14 = 0, 0 = 2*d + 2*a. Let f(t) = -t**2 - 2. Calculate f(d).
-3
Let d(m) = -17*m + 18 + 2*m - 6*m - 64*m**2 + 65*m**2. What is d(20)?
-2
Let q(s) be the third derivative of -s**6/60 + 29*s**5/60 + 7*s**4/12 + 2*s**3 - 1097*s**2. What is q(15)?
-3
Let f(a) = 13. Let u(c) = -c - 35. Let s(j) = -8*f(j) - 3*u(j). Let v(t) = 8*t + 2. Let h(l) = -5*s(l) + 2*v(l). Determine h